git of v?
1
What is the units digit of (8/18)/((-8)/(-36))?
2
Let v be ((-4)/6)/((-2)/9). Suppose 8 = i + v. Suppose 0 = -10*o + i*o + 30. What is the units digit of o?
6
Suppose 5*c + x - 120 = 0, 2*x + 40 = 2*c + 4*x. What is the tens digit of c?
2
Let t(n) = n**3 + 12*n**2 - n + 10. Let f be t(-12). Suppose f - 2 = 4*k. Suppose -k*c + c = -84. What is the units digit of c?
1
Let u(w) = -4. Let g(b) = -b - 1. Let n(i) = -6*g(i) + u(i). What is the units digit of n(1)?
8
Let u(r) = r - 6. Let m be u(8). What is the tens digit of 11/m*(-4 - -8)?
2
Let m(f) = 49*f**2 - f + 1. What is the tens digit of m(1)?
4
Suppose -2*t - 4*j - 8 = 0, 4*t - j = -4*j - 11. Let c be 2*-1 + 9 + t. Suppose -w = 5*k - 31, c*w - 9 = -4. What is the units digit of k?
6
Suppose 0 = -3*m + 2*m + 4. Suppose -3*u = -49 + m. What is the tens digit of u?
1
Let a = 60 + -41. What is the tens digit of a?
1
Suppose 4*c + 2*z - 32 = 0, -4*z = -z - 6. Let h = c - 4. Suppose 18 = h*d + 3*w, -4*d + 7*w + 38 = 4*w. What is the units digit of d?
8
Let o(i) = -4*i**2 + 6*i + 4. Let z be o(5). What is the units digit of 1/3 + z/(-18)?
4
Suppose 2*v + 3*s = -2*s + 4, -3*v = -4*s - 52. Suppose 5*t + 7 + 42 = u, -3*t - v = 0. Suppose -4*g + u = 9. What is the units digit of g?
5
Let v(u) = u**3 - 5*u**2 + u - 3. Let h be v(5). Suppose 3*g - h*x - 2*x - 13 = 0, 5*g + 5*x - 45 = 0. What is the units digit of g?
7
Let n = -10 + 12. What is the units digit of (29 - 2)*n/6?
9
Suppose -4*o + 10 = -22. What is the units digit of o?
8
Let n be ((-6)/(-8))/((-12)/(-32)). Suppose 3*x - 16 = 2. Suppose 0 = p - x + n. What is the units digit of p?
4
Let d = 9 - 2. Let w(a) = 3*a - 10. What is the tens digit of w(d)?
1
Suppose -60 - 20 = -4*m + 4*o, -o = m - 24. What is the tens digit of m/(-3)*15/(-10)?
1
Suppose -a + 1 = -g, -4*g = -2*a + a + 1. Let i(o) = -o - 2. Let k be i(g). What is the units digit of 5 - 5 - k/2?
1
Let g(a) = -a**2 + 7*a - 8. Let v be g(6). Let i be -3*(3/(-1) - v). Suppose 0 = u - i*u + 26. What is the tens digit of u?
1
Let p = 2 - 15. Let h be (-254)/8 - 5/20. Let m = p - h. What is the units digit of m?
9
Let l = 7 - 11. Let f be 23/l + 5/(-20). What is the units digit of 28*(-3)/f + -3?
1
Suppose 0 = k - 4*n - 98, -k = -3*k - 2*n + 176. Suppose -5*g + 4*w = 11 - 119, k = 4*g - 5*w. Suppose -g = 4*v - 88. What is the units digit of v?
7
Suppose -2*s - 114 = -18. Let k = -28 - s. What is the units digit of k?
0
Suppose 3*m = -2*h + 1047, -5*m - 5*h = -8*h - 1764. What is the tens digit of m?
5
Suppose -4*s + 3 = -t, -2*s + 4*t - 7 = -19. Let l(q) = -q**2 + q + 11. What is the units digit of l(s)?
1
Suppose 3*j - 14 = -2*s, -s + j = -0*j - 2. Suppose -9 = -2*g - 3*q, 4*g = -s*q + 16 - 0. Suppose g*r = r + 14. What is the units digit of r?
7
What is the tens digit of (-1428)/(-6) - (2 - -1)?
3
Let o(q) = 32*q - 5. What is the tens digit of o(3)?
9
Suppose -5*b + 20 = -0. What is the units digit of (-48)/28*(-42)/b?
8
Let t be 0 - 2/((-6)/9). Suppose 0 = t*w - w. What is the units digit of 1 + (0/(-1) - w)?
1
Suppose -5*h = 4*u - 547, 0 = 5*u + 7*h - 4*h - 674. What is the units digit of u?
3
Let s be (-2 - 4)/(2/(-2)). Let i be 1/(-4) - s/(-24). Suppose 4 = q - i. What is the units digit of q?
4
Let t = 2 + 1. Suppose -u + t*u - 6 = 0. Suppose 0*w = -u*w + 9. What is the units digit of w?
3
Suppose -3*s = -2*h - 2*h + 2, 2*s = 2*h. What is the units digit of h?
2
What is the units digit of 24/32 - 161/(-4)?
1
Let p(l) = -9*l**2 - 8*l. Let c(w) = 5*w**2 + 4*w. Let r(j) = -11*c(j) - 6*p(j). Let k be r(4). Let h(b) = -b + 10. What is the units digit of h(k)?
0
Suppose -4*k - 5 + 1 = 0. Let o(m) = -3*m**3 + 2*m**2 - 1. What is the units digit of o(k)?
4
Let r = 51 + -49. What is the units digit of r?
2
Suppose 5*d = 10, -4*t - 80 = 2*d - 4. What is the units digit of (-736)/t + (-1)/(-5)?
7
Let f be (-4)/22 - (-2568)/(-33). What is the tens digit of ((-40)/30)/(4/f)?
2
Suppose 150 = -0*r + 5*r. What is the tens digit of r?
3
Suppose 5*i = -19 - 86. Let b = i - -34. What is the tens digit of b?
1
Suppose -10*l + 1886 + 404 = 0. What is the tens digit of l?
2
Let d = 36 + 152. What is the tens digit of d?
8
Let p be 6/(3 - (-6)/(-4)). Suppose v - p = -0*v. What is the units digit of v?
4
Let d be 4 + -3 + 2 + 0. Suppose d*r + r - 5*o - 4 = 0, -2*o = 5*r - 5. What is the units digit of r?
1
Let q(l) = 3*l**2 - 9*l + 10. What is the hundreds digit of q(-6)?
1
Suppose -3*y - 2*y = -2*c + 116, 2 = -y. What is the tens digit of c?
5
Let n(c) = -c**2 + 14*c - 5. Let r be n(14). Let i(j) = -j + 1. What is the units digit of i(r)?
6
Let u(i) = -3 + 3 + 4 + 0 + i. What is the units digit of u(4)?
8
Let x be (-4)/10 - (-62)/5. Suppose -x = -4*o + 4. What is the units digit of o/((-4)/3)*-1?
3
Let z = 7 + -5. Suppose 2*o - 12 = -z*o. Suppose -o*v + 54 = 12. What is the units digit of v?
4
Suppose 2*o = -2*o + 8. Suppose 0 = -c + 3*c. What is the units digit of c - -1*o*4?
8
Let r be (0/3 - -2) + 2. Suppose p + g = 7, -r*p = -3*p + 3*g - 17. Suppose -2*n - 10 = -j, 3*j + p*j - 3*n = 29. What is the units digit of j?
4
Suppose 0 = 5*g + 2*z + 3*z - 25, 16 = 5*g - 4*z. Suppose -1 = -j + 2*s, -1 = g*j - 3*s + 10. What is the units digit of (3/j)/((-4)/60)?
9
Let o(t) = 1 - 3*t + 7*t - t**2 + 2*t. What is the units digit of o(5)?
6
Let j = -86 + 178. What is the tens digit of j?
9
Suppose 0 = -3*x + 1 - 22. What is the units digit of (x + 2)*60/(-25)?
2
Let f(j) = -j**2 + 6*j - 4. Let u be f(6). Let h = 9 + u. Suppose 3*c - 5 = 2*z, h*c - 15 = 2*c. What is the units digit of z?
5
Suppose -j = -2*o + 10 - 39, -46 = -2*j - 2*o. What is the tens digit of j?
2
Let o be 4/6 - 13/(-3). Suppose -o*s = -0*s - 20. Let x(n) = 3*n + 1. What is the units digit of x(s)?
3
Let h(a) = -2*a - 34. Let j be h(-19). Let f be 10/3 - 4/(-6). Suppose f*z = -q + 7, -5*q - 11 = j*z + 2. What is the units digit of z?
3
Let z = 98 + -61. What is the tens digit of z?
3
Let q(u) = u**2 - 6*u + 3. Let c be q(5). Let i be (c/(-4))/(2/20). Suppose i*h - 5*l = 35, -15 = h + 4*h + 5*l. What is the units digit of h?
2
Suppose 0 = 5*w + 2*j - 677 + 232, -3*w - 2*j + 263 = 0. What is the units digit of w?
1
Let r be 24/9 + 2/(-3). Suppose 4*z + 2*b - 4*b = 106, -r*b = 4*z - 86. Suppose -5*a + 30 = -4*w, -4*a + 6*w - 2*w = -z. What is the units digit of a?
6
Let z be 14 - -2 - (-2 + 1). Let n = -10 + z. What is the units digit of n?
7
Let h(z) be the first derivative of z**4/2 - z**3 + z - 2. Let c be h(2). Suppose -c*o = -4*o - 17. What is the tens digit of o?
1
What is the tens digit of ((-504)/90)/(2/(-15))?
4
Let n = 14 + 19. What is the units digit of n?
3
Let w(r) = -r + 6. Let z be w(5). Suppose 3*o + 13 = 5*m - 0*m, -m + o = -z. What is the units digit of m?
5
Let o = 2 - -5. Suppose o*j + 15 = 2*j, h - 3*j = 21. Let b = -8 + h. What is the units digit of b?
4
Let l = 1 + -33. Let d = 65 + l. What is the tens digit of d?
3
Suppose -4*j - 3 = -3*j. Let o be j/(-12) - 50/8. Let v = o + 16. What is the tens digit of v?
1
Let d(h) = h**3 + 5*h**2 - 8*h - 9. Let j be d(-6). Suppose 3*o - j*k - 3 = 0, 2*o = -0*o - 5*k + 37. What is the units digit of o?
6
Let r = 6 + 0. Suppose 0 = 3*a + z - 17, -2*z - r = -4*a - 0*z. Let q = a - 3. What is the units digit of q?
1
Let f(z) = 2*z - 7. Let d be f(5). Suppose y + 5*k + 143 = 5*y, -105 = -d*y + 3*k. Let g = -22 + y. What is the tens digit of g?
1
Let v(r) = -14*r**2 - 8*r + 25. Let z(d) = -5*d**2 - 3*d + 8. Let c(o) = 4*v(o) - 11*z(o). What is the units digit of c(0)?
2
Suppose 0 = 5*d + 2*u - 478, 4*d + 0*d = 5*u + 389. What is the units digit of d?
6
Suppose -5*h = -5*t + 398 - 123, 3*h = -3*t + 159. What is the units digit of t?
4
Let f = 82 - 26. What is the units digit of f?
6
Suppose -5*p + 2*v = -176, 0 = 5*p + v - 4*v - 179. What is the units digit of p?
4
Let v = -3 + 2. Let d be -1*(-1)/v*16. Let r = d + 23. What is the units digit of r?
7
Suppose 5*q + 9 = 2*b, -2*b + 0 + 1 = 3*q. Suppose -4*h + 14 = -b*h + 4*a, 0 = 3*h + 5*a - 18. Suppose 3*k - 8 - h = 0. What is the units digit of k?
3
Let l(k) = 18*k + 8. What is the tens digit of l(3)?
6
Let n(p) be the first derivative of -p**4/4 + 2*p**3 + 5*p**2/2 - 8*p - 8. What is the tens digit of n(4)?
4
Let a(x) = -18*x**2